omposite?
False
Let r = 1 + 9. Let m = 202 + -666. Is (r/8)/((-4)/m) composite?
True
Suppose 29*g - 33*g = -1804. Is g prime?
False
Let t(j) be the second derivative of -11*j**3/6 - 3*j**2 - 2*j. Let v = 2 - 7. Is t(v) a prime number?
False
Let p be 11/2 - 4/8. Suppose 2*x = 5*x - 2*d - 47, d = p. Is x composite?
False
Suppose -237 = -3*f + 3*j, 0 = -3*j + 6*j + 15. Let o(p) = 21*p - 1. Let n be o(-2). Let i = f + n. Is i a composite number?
False
Let u(k) = k**3 - 2*k**2 - k. Let a be u(-2). Let b = 1 + -5. Let j = b - a. Is j a prime number?
False
Suppose 0 = s + s - 78. Is 13*(s/1 - 2) a composite number?
True
Let c = 192 + 275. Is c prime?
True
Let l = 12 - 8. Suppose -c - 358 = -l*k, 4*c - 64 - 17 = -k. Is k composite?
False
Suppose m - 31 - 32 = -2*u, -5*u = 5. Is m prime?
False
Let j = 184 - -1375. Is j composite?
False
Suppose 4*i = 419 + 529. Is i a prime number?
False
Let r(q) be the third derivative of q**8/6720 + q**7/504 - 7*q**6/720 - q**5/60 + q**4/8 - q**2. Let a(v) be the second derivative of r(v). Is a(-5) composite?
True
Let h(z) = 34*z - 1. Let b be h(3). Suppose 2*m = b + 9. Is m composite?
True
Let t(x) be the third derivative of 7*x**5/30 + x**4/8 + 2*x**2. Is t(-5) a composite number?
True
Suppose -3*c + 0*c = 996. Let q = 565 + c. Is q composite?
False
Let n be (-66)/4*6/9. Let g(w) = w + 16. Let q be g(n). Suppose 0 = -4*c - 2*d + 572, c - 154 + q = d. Is c prime?
False
Let n be 10/35 - (-1038)/(-7). Let r(p) = -2331*p + 148. Let l(i) = -79*i + 5. Let j(h) = n*l(h) + 5*r(h). Is j(1) prime?
True
Let v(n) = 4*n - 3. Let u be v(2). Suppose -h = -0*h + 2*g - 13, -3*h + 28 = -u*g. Is h a prime number?
True
Let h = -49 - -176. Is h composite?
False
Let i be (4/10)/((-1)/5). Let u be 27 + (1 + -1)/i. Suppose 2*g = -4*z + 339 + u, 109 = z + 4*g. Is z a prime number?
True
Let y = 2 - 2. Suppose 0*p - 5*p + 725 = y. Is p a prime number?
False
Suppose -5*c + c - 24 = 0. Let a(r) = 1 - 13*r + 5*r - 2. Is a(c) a composite number?
False
Let c(s) be the first derivative of s**4/2 + 13*s**3/3 + 5*s**2/2 + 4*s - 1. Let p be c(-10). Is p/(-14) + 4/(-14) composite?
False
Is (-4168)/(-12)*9 - -1 a prime number?
False
Let d = -850 + 144. Is 1/(1 - (-704)/d) a prime number?
True
Is -4 - (3 + -2 + -906) composite?
True
Let w = -124 + 267. Suppose 3*a - 184 = w. Is a a composite number?
False
Let t = 47 + -15. Let u be -2 + 0 + (t - -2). Suppose 0 = -j + 57 + u. Is j a prime number?
True
Suppose -4*f = -2*f + 586. Let i(h) = -51*h**2 + h + 2. Let w be i(3). Let a = f - w. Is a prime?
False
Is (2 + -5 - -6) + 290 composite?
False
Let t be (-119)/(2 + -3) - -1. Let n = t - 63. Suppose -5*b + n = c, 2*b - 77 = -4*c + 79. Is c a prime number?
True
Let g(v) = 4*v**2 - 12*v + 3. Is g(11) composite?
True
Let m(r) be the third derivative of r**6/720 + 19*r**5/120 - r**4/24 - r**2. Let s(a) be the second derivative of m(a). Is s(0) prime?
True
Suppose -502 = 2*f - 4*f. Is f a composite number?
False
Let c(j) = -53*j**2 + 1. Let v be c(2). Let r = v + 300. Is r a composite number?
False
Suppose 4*p + 16 = -4*h, p - 2*h - 8 = -2*p. Suppose -3*f + 4*s = 11, -2*f - s + 20 = 3*f. Suppose p = -x - 5*b + 73, -5*x + 194 + 83 = f*b. Is x prime?
True
Is (-15)/(-10)*-2 - -194 composite?
False
Let i be ((-13)/(-3))/((-3)/9). Let g be 3/(-12) - i/4. Suppose -g*r - p + 110 = -0*p, 5*r + 3*p - 190 = 0. Is r prime?
False
Let b(o) = 4 - 1 - 4 + 4*o. Is b(4) a composite number?
True
Suppose -2*z - 74 = -526. Is z composite?
True
Suppose 2*w = 5*f - 23, w + w = -8. Suppose 0 = f*j + s - 271 - 178, 5*s - 308 = -2*j. Is j prime?
True
Let g = 19 + -17. Suppose -4*k + 3*o + 1230 = g*o, -o - 2 = 0. Is k a composite number?
False
Let v = 158 + -73. Is v prime?
False
Let w be 317/2 - (-2)/(-4). Is (4/(-2))/((-4)/w) a prime number?
True
Let i(u) = 151*u + 2. Let k be i(2). Suppose -2*b - 2*b = -k. Suppose 0 = 3*w + w - b. Is w a composite number?
False
Let m(z) = 178*z + 1. Let r be m(1). Suppose v - 88 = 3*g, -2*v + 4*g - g + r = 0. Suppose 0 = -5*i - 16 + v. Is i composite?
True
Suppose -g - 22 = -235. Is g a prime number?
False
Let n = 7 - -18. Suppose -4*l - l = n. Let b(s) = -6*s + 7. Is b(l) a composite number?
False
Let l = 0 - 2. Is (246/(-18))/(l/18) prime?
False
Let g(i) be the third derivative of -31*i**5/120 - i**3/3 + i**2. Let y(u) be the first derivative of g(u). Is y(-1) a composite number?
False
Let j(b) = -24*b - 36. Let v be j(-10). Let q be (1 + -2)/((-1)/(-127)). Let u = q + v. Is u a prime number?
False
Let q(h) = 5*h**2 - 5*h + 7. Is q(-5) a composite number?
False
Let s(f) = 9 + 0*f - 3*f + 2*f. Let o be s(5). Is o/18 + 842/18 prime?
True
Let b = -1 - -3. Suppose -a - 50 = -b*g - 0*a, 3*g - 3*a = 81. Is g a prime number?
True
Is 15 - (-2)/(-4)*0 a prime number?
False
Suppose k + 2 + 4 = 0. Let f = k - -8. Suppose -g - f*m = m - 154, 4*g + m - 627 = 0. Is g a composite number?
False
Let q = 1039 + -452. Is q a prime number?
True
Is (-10)/(-95) - (-1932)/57 a composite number?
True
Let v be -2 - -2 - (-53790)/(-5). Is v/(-54) - (-4)/(-18) composite?
False
Let a(i) = 2*i**2 - 18*i - 25. Is a(-12) a prime number?
True
Suppose -9 = -2*c - 3. Suppose 0*y - c*y - 33 = 0. Is (-3)/(-1)*y/(-1) prime?
False
Let z(j) be the first derivative of 15*j**2/2 + 6*j - 3. Is z(13) composite?
True
Let i(l) = 2*l**2 - 2*l - 4. Let o be i(-4). Suppose -z - 4*z = 0. Suppose -3*u - o + 183 = z. Is u a composite number?
True
Let k be 0 - (0 + -11*1). Let g = 234 - k. Is g a prime number?
True
Let l = 1016 - 661. Is l prime?
False
Suppose w + 23 - 67 = 0. Let z = w - 7. Is z a prime number?
True
Let c = 5 - 8. Let q be (2 + c)/((-3)/492). Suppose 0 = -5*p + v + q, -4*p + v + 87 = -44. Is p a prime number?
False
Let f be (-2)/10 - 1502/(-10). Suppose -251 = 3*k - 4*s, -5*s + 51 + 29 = -k. Let g = f + k. Is g a prime number?
False
Let k(m) = m**3 + 8*m**2. Let i be k(-8). Suppose 4*d - 5*h = -i*d + 50, -2*d + 4*h + 22 = 0. Is d a composite number?
True
Let i(r) = 2*r**2 + 2*r - 1. Let d be i(2). Suppose -6*v - 3715 = -d*v. Is v a composite number?
False
Suppose 0*a + 6 = 3*i - 4*a, -5*i + 4*a = -10. Suppose -i*v = 3*v - 15. Suppose v*o = 3*d + 51, 2*o - o = 2*d + 19. Is o prime?
False
Let i(j) = -j**3 + 12*j**2 - 3*j + 11. Let u be -3 + 1*(-2 + 15). Is i(u) composite?
False
Let y(r) = r**3 - 3*r**2 + 2*r + 1. Let m(b) = 2*b**2 + 2*b - 3. Let o be m(2). Is y(o) composite?
True
Let w be (44*-1)/(3/(-3)). Suppose -5*s + 141 = -w. Is s a prime number?
True
Let d be (-2 + 4 - -1) + 2. Let q(m) = 3 + 3 + 5*m + m**3 - 5*m**2 + 0. Is q(d) prime?
True
Is (403/(-2))/((-1)/2) composite?
True
Let y(a) = 3*a + 6. Let c be y(-3). Is (6 + c)*35 + -2 composite?
False
Let i(a) = 3*a**2 + 7*a - 1. Let f be i(-6). Suppose 0 = -3*w + 4*w - f. Is w composite?
True
Let d(n) = -n**2 + 6*n + 12. Let t be d(9). Is t/10*(-894)/9 a prime number?
True
Suppose 3*q = -3*w + 5979, q - 5*w + 3983 = 3*q. Is q prime?
False
Suppose g + 2 - 5 = 0. Is ((-27)/(-3))/g + 28 composite?
False
Let f = -6 + 10. Suppose -f*a = -21 - 39. Is a prime?
False
Let p = 10287 - 7016. Is p composite?
False
Let m(y) = -y**3 + 3*y**2 + 2*y + 1. Let i be m(3). Suppose 1 + i = 4*x. Suppose -4*v + 175 = -v + o, x*v - 2*o - 122 = 0. Is v prime?
True
Let y(d) = d**2 + 3*d + 4. Let l = 16 + -11. Suppose -5*f = l*i + 25, 2*i = -3*f - 12 - 1. Is y(f) composite?
True
Suppose 4635 = 4*o + 1055. Suppose -4*m + 716 = v, -5*m + 2*v + 0*v = -o. Is m a composite number?
False
Is (-7509)/(-6) - (-15)/10 a prime number?
False
Let x be (-2 + 5/2)*0. Suppose x*f + 260 = 4*f. Suppose f = 2*t + 3*t. Is t prime?
True
Suppose 3 + 1 = -z, -2667 = -n + 5*z. Is n composite?
False
Suppose 0*x = -x. Suppose -4*q + x*q + 140 = 0. Is q a composite number?
True
Let t = 46 - -161. Suppose t = 5*z - 78. Is z a composite number?
True
Let u(b) = 2*b**2 + 5*b - 4. Let i be u(-5). Let n = i + 14. Is n prime?
False
Let d = -2 - -2. Suppose -2*c + 24 = -5*l, -5*c + 4*l + 26 = -d*l. Is 2*(c - 1) + 53 a prime number?
False
Suppose 54 = s + s. Suppose 4*f = 3*r + s, 4 + 6 = -2*r. Suppose 0 = 5*j - f*w - 83, 0 = 4*j - 6*j - 4*w + 54. Is j prime?
True
Let w(r) = 10*r - 6. Let l(i) = -11*i + 5. Let t(d) = -3*l(d) - 4*w(d). Is t(-8) prime?
False
Let c be 12/(-30) - 22/(-5). Su